 10 divide 1338371?
False
Does 176 divide 259248?
True
Is 3554364 a multiple of 667?
False
Does 139 divide 44102?
False
Is 20 a factor of 233240?
True
Does 134 divide 111220?
True
Is 1940724 a multiple of 47?
True
Does 7 divide 11865?
True
Does 11 divide 46798?
False
Is 314262 a multiple of 102?
True
Is 90 a factor of 31950?
True
Is 15890 a multiple of 3?
False
Is 681031 a multiple of 181?
False
Does 5 divide 69116?
False
Is 115 a factor of 2016525?
True
Is 16140161 a multiple of 373?
False
Does 14 divide 5296172?
True
Is 17 a factor of 1811295?
False
Does 306 divide 52632?
True
Is 61 a factor of 101108?
False
Is 148190 a multiple of 3?
False
Does 43 divide 676390?
True
Does 168 divide 987839?
False
Does 58 divide 782349?
False
Is 208 a factor of 206336?
True
Is 1346945 a multiple of 319?
False
Is 7863948 a multiple of 228?
True
Is 28 a factor of 5448240?
True
Is 151 a factor of 310758?
True
Does 76 divide 140144?
True
Is 286513 a multiple of 82?
False
Is 79140 a multiple of 60?
True
Is 337 a factor of 211084?
False
Does 5 divide 221695?
True
Does 154 divide 596134?
True
Is 140856 a multiple of 71?
False
Is 12 a factor of 1444008?
True
Does 20 divide 1120147?
False
Is 130016 a multiple of 34?
True
Is 149 a factor of 17217099?
True
Is 143 a factor of 617327?
False
Does 31 divide 161216?
False
Is 1175850 a multiple of 15?
True
Is 1451190 a multiple of 172?
False
Is 3040257 a multiple of 63?
False
Does 4 divide 80717?
False
Does 122 divide 18788?
True
Is 86824 a multiple of 57?
False
Is 1251970 a multiple of 7?
False
Is 87 a factor of 90793?
False
Does 10 divide 6619310?
True
Does 73 divide 507581?
False
Does 464 divide 23691840?
True
Does 114 divide 313728?
True
Is 206774 a multiple of 378?
False
Does 107 divide 134219?
False
Is 29 a factor of 6808121?
False
Is 4 a factor of 66189?
False
Is 125 a factor of 66500?
True
Does 253 divide 980979?
False
Does 78 divide 16567980?
True
Is 24 a factor of 279408?
True
Is 65 a factor of 320180?
False
Is 24 a factor of 639740?
False
Is 24 a factor of 8448?
True
Is 205 a factor of 2187510?
False
Is 77 a factor of 221442?
False
Does 56 divide 30363?
False
Does 19 divide 71155?
True
Is 1118700 a multiple of 55?
True
Is 11 a factor of 168767?
False
Does 30 divide 2307360?
True
Is 311665 a multiple of 9?
False
Is 245459 a multiple of 389?
True
Is 11 a factor of 16830?
True
Does 41 divide 434149?
True
Is 180 a factor of 6592680?
True
Is 144806 a multiple of 34?
True
Is 74 a factor of 16290399?
False
Does 78 divide 597009?
False
Does 105 divide 10858380?
False
Is 9682935 a multiple of 15?
True
Is 30716 a multiple of 2?
True
Is 52 a factor of 2850167?
False
Does 338 divide 26336?
False
Is 8 a factor of 34504?
True
Is 120 a factor of 904560?
True
Is 3035886 a multiple of 246?
True
Does 8 divide 2275640?
True
Does 69 divide 12265371?
True
Is 1977814 a multiple of 19?
False
Does 328 divide 386261?
False
Does 20 divide 276873?
False
Does 2 divide 193572?
True
Does 149 divide 91933?
True
Is 7 a factor of 44827?
False
Does 3 divide 212313?
True
Is 10 a factor of 11717270?
True
Is 24 a factor of 1164988?
False
Is 86549 a multiple of 71?
True
Does 272 divide 30340?
False
Is 27 a factor of 1492722?
True
Is 6 a factor of 44012?
False
Does 4 divide 175873?
False
Does 107 divide 915731?
False
Is 6692220 a multiple of 81?
True
Does 22 divide 1283876?
True
Does 36 divide 7219656?
True
Is 197324 a multiple of 265?
False
Is 94 a factor of 220430?
True
Is 6 a factor of 59436?
True
Is 416884 a multiple of 59?
False
Does 3 divide 3043?
False
Is 159250 a multiple of 10?
True
Does 2 divide 109446?
True
Does 35 divide 645033?
False
Is 29778 a multiple of 21?
True
Does 15 divide 369215?
False
Does 466 divide 350991?
False
Is 193 a factor of 12159?
True
Does 51 divide 500667?
True
Is 36 a factor of 14976?
True
Is 14 a factor of 788324?
False
Is 50 a factor of 234611?
False
Is 142021 a multiple of 11?
True
Is 41 a factor of 663567?
False
Is 3497129 a multiple of 71?
False
Does 51 divide 154632?
True
Is 1815427 a multiple of 6?
False
Does 16 divide 6364592?
True
Is 568 a factor of 2023541?
False
Does 96 divide 2033280?
True
Is 1733941 a multiple of 22?
False
Is 5414 a multiple of 3?
False
Is 3148782 a multiple of 546?
True
Does 7 divide 1438039?
False
Does 32 divide 160608?
True
Is 2872974 a multiple of 78?
True
Does 316 divide 11791085?
False
Does 76 divide 18186?
False
Is 120430 a multiple of 10?
True
Does 4 divide 124570?
False
Is 11966171 a multiple of 213?
False
Is 16 a factor of 15457441?
False
Does 98 divide 193786?
False
Is 63 a factor of 660555?
True
Does 96 divide 2567462?
False
Is 173 a factor of 1036789?
True
Does 2 divide 271228?
True
Is 221 a factor of 987428?
True
Is 169 a factor of 1099462?
False
Is 190800 a multiple of 53?
True
Does 51 divide 880566?
True
Is 94 a factor of 210560?
True
Is 26 a factor of 2356131?
False
Does 653 divide 14434037?
False
Is 88 a factor of 42051?
False
Is 2260644 a multiple of 177?
True
Is 234 a factor of 1269216?
True
Does 20 divide 511040?
True
Is 11668933 a multiple of 211?
True
Is 327158 a multiple of 20?
False
Does 174 divide 45240?
True
Does 5 divide 169510?
True
Is 12 a factor of 379320?
True
Is 84494 a multiple of 25?
False
Is 501976 a multiple of 65?
False
Does 161 divide 348082?
True
Is 57 a factor of 72390?
True
Is 146580 a multiple of 6?
True
Is 16 a factor of 1116158?
False
Is 198230 a multiple of 46?
False
Is 31694795 a multiple of 583?
True
Does 97 divide 996384?
True
Is 85239 a multiple of 33?
True
Is 111 a factor of 183594?
True
Is 4 a factor of 1104?
True
Is 21 a factor of 245322?
True
Is 1852449 a multiple of 35?
False
Is 13500 a multiple of 100?
True
Does 14 divide 569879?
False
Does 34 divide 92844?
False
Is 51 a factor of 1088412?
False
Is 345 a factor of 3529945?
False
Does 20 divide 1490180?
True
Does 5 divide 353204?
False
Does 28 divide 8550360?
True
Is 244246 a multiple of 97?
True
Is 466 a factor of 8365632?
True
Is 72 a factor of 3609010?
False
Is 52 a factor of 827535?
False
Is 226835 a multiple of 35?
True
Is 803480 a multiple of 379?
True
Is 4 a factor of 150770?
False
Is 239501 a multiple of 37?
True
Is 37 a factor of 618751?
True
Does 2 divide 2558?
True
Is 20 a factor of 1730300?
True
Does 21 divide 3055374?
True
Does 17 divide 653217?
False
Does 6 divide 136152?
True
Is 1634196 a multiple of 92?
True
Is 132 a factor of 2494008?
True
Does 633 divide 280841?
False
Is 3316872 a multiple of 26?
True
Does 169 divide 353548?
True
Is 33441 a multiple of 20?
False
Is 631241 a multiple of 18?
False
Is 116321 a multiple of 284?
False
Does 809 divide 2063978?
False
Is 13 a factor of 1074194?
False
Is 1114578 a multiple of 19?
True
Does 137 divide 1703169?
False
Does 6 divide 208031?
False
Does 112 divide 536480?
True
Does 2 divide 10907?
False
Is 9452158 a multiple of 180?
False
Is 140728 a multiple of 49?
True
Does 242 divide 30976?
True
Is 11070248 a multiple of 57?
False
Is 5 a factor of 196596?
False
Is 94270 a multiple of 10?
True
Is 11 a factor of 1398911?
False
Is 45 a factor of 219910?
False
Does 14 divide 1373484?
True
Is 85 a factor of 2030650?
True
Does 83 divide 157001?
False
Is 9210843 a multiple of 1275?
False
Is 125 a multiple of 10?
False
Does 265 divide 110770?
True
Does 9 divide 7024911?
False
Is 817989 a multiple of 19?
False
Is 94 a factor of 104289?
False
Does 27 divide 125577?
True
Is 207 a factor of 202860?
True
Does 55 divide 166870?
True
Is 4990 a multiple of 5?
True
Is 156 a factor of 43188?
False
Is 23 a factor of 6768401?
False
Does 484 divide 7560080?
True
Is 14 a factor of 218153?
False
Is 100312 a multiple of 87?
False
Does 1037 divide 1851929?
False
Is 1064301 a multiple of 243?
False
Is 223272 a multiple of 168?
True
Is 203 a factor of 582260?
False
Does 9 divide 569655?
True
Is 2119063 a multiple of 167?
True
Is 333 a factor of 17649?
True
Is 464565 a multiple of 2?
False
Is 760 a factor of 6445436?
False
Does 2783 divide 24771705?
False
Does 17 divide 21442?
False
Does 18 divide 22213?
False
Is 51 a factor of 231948?
True
Does 365 divide 2425060?
True
Is 5 a factor of 953?
False
Is 25 a factor of 119725?
True
Is 307632 a multiple of 624?
True
Is 11 a factor of 12045408?
False
Is 110 a factor of 59430?
False
Is 212553 a multiple of 57